n(l) = l**3 - 3*l**2 + 7*l - 3. Let s be n(3). Is 583/3 + (-6)/s a prime number?
False
Let z(s) = 15*s**2 - 207*s + 293. Is z(103) a composite number?
False
Suppose 200*a - 20*a - 1132020 = 0. Is a a prime number?
False
Is (-3 - -13)*(603442/(-98))/(2/(-7)) a composite number?
True
Let v(d) be the third derivative of d**4/8 + 3*d**3/2 + 3*d**2. Let i be v(-2). Suppose m - 281 = -i*p, -1146 = -5*m + m - p. Is m prime?
False
Suppose -3*r + 6*r = -4*s + 6899, 2*r + 5*s = 4604. Suppose -394 - r = -9*n. Suppose -i = -710 + n. Is i a composite number?
True
Let b be (20/8)/(-3 - 886/(-296)). Let n(v) = 52*v - 1. Let p be n(-2). Let w = p - b. Is w a prime number?
False
Let x(d) = -3*d + 42. Let h be x(13). Suppose c - c = -h*c. Suppose 5*m - 6851 = -4*l, c*l - 1374 = -m + 3*l. Is m composite?
True
Suppose t = -4*c - 13, -c - 33 + 26 = -t. Let z(d) = 789*d**2 + 7*d - 19. Is z(t) prime?
True
Let z(f) = 80*f - 37. Let i be z(8). Let y = i - -544. Is ((-3)/6)/(3 - y/382) composite?
False
Let q(y) = -y**3 + 29*y**2 + 15. Suppose 3*r + 2*x - 39 = 0, r - 29 = -3*r + 5*x. Suppose 5*n = r*n - 72. Is q(n) prime?
False
Let d(o) = 8*o**2 + 10*o - 9. Let j be d(-9). Suppose 38 + j = s. Suppose 0 = -8*f - s + 4467. Is f a prime number?
False
Let w = -100283 + 154362. Is w a prime number?
False
Suppose 0 = 2*l - 29 + 25. Suppose -6*d + d + 3989 = l*b, -4*b + 7939 = -3*d. Is b prime?
True
Suppose -4*r + 5*r = 4*w + 1657667, 5*r - 3*w - 8288267 = 0. Is r a prime number?
True
Let w be 440/(-30)*6/(-4). Let p(m) = 0*m + 58*m + w + 27 - 10*m. Is p(25) prime?
True
Let t(o) = o**2 - 6*o - 26. Suppose 5*d = 2*d + 60. Let w be t(d). Suppose -3*u + u + w = 0. Is u a prime number?
True
Suppose 35*z - 4631529 = 2526706. Is z a prime number?
True
Let x(w) = 796*w + 1. Suppose 2*d - 6*d = 8. Let v be 3 + 2*(-2 + (-1 - d)). Is x(v) prime?
True
Let i = -10435 + 44825. Suppose -4*f = -6214 - i. Is f a prime number?
True
Let v = 560 - 563. Is 2960 - (0*v/(-6) + -5) a composite number?
True
Let v = -26 - -15. Let q be 16/3 - v/(-33). Let b(c) = c**3 + 4*c**2 - 5*c + 1. Is b(q) prime?
False
Let h(f) = f**3 - 52*f**2 - 171*f + 2993. Is h(147) a composite number?
False
Let b(m) be the third derivative of m**5/6 - 7*m**4/8 + 7*m**3/3 - 223*m**2. Is b(9) a prime number?
False
Suppose 2*m + 974 = -1384. Let i = 2772 - m. Is (-5 + i)*2/4 composite?
False
Let m = 141 - 104. Suppose 10059 = -34*p + m*p. Suppose 5*f - p = -2*f. Is f composite?
False
Let i be ((5/2)/5)/(3/318). Let v = -41 + i. Suppose 0 = -2*l + v*l - 3950. Is l prime?
False
Let j be ((-32)/(-80))/(1/10) + 1. Suppose 5*w - 5755 = -j*z, -2*z + 4604 = 4*w - 7*z. Is w prime?
True
Let t = 137 - 134. Suppose -s - y + 17725 = 4*s, -3*s - t*y + 10635 = 0. Is s composite?
True
Let y(x) = -x**2 - 10*x. Let u be y(-10). Let p be (12 + -20)/(u - 2). Suppose p*j = 497 + 123. Is j prime?
False
Suppose -17*c + 42*c - 2628576 - 135649 = 0. Is c prime?
True
Suppose -24*l - 42941 - 10483 = 0. Let u(c) = -896*c**2 + 3*c + 1. Let p be u(-2). Let d = l - p. Is d prime?
False
Suppose 84*p + 25918032 = 196*p. Is p prime?
False
Let m(d) = 12*d**2 - 81*d - 494. Is m(63) prime?
False
Let k(o) = o**3 - 5*o**2 - 5*o + 1. Let s be k(6). Let n(a) = 2*a - 10. Let b be n(s). Is 2/b*(-3 + 321 + -2) prime?
False
Suppose -2*h + 931584 = 9*h - 1649533. Is h a composite number?
True
Let n = 277159 + -139452. Is n composite?
False
Let h(t) = 690534*t + 1205. Is h(1) composite?
False
Let d = 52 + -67. Is (-6770)/d*9/6 a prime number?
True
Let f(v) = 433*v + 61. Let u(g) = 2*g**3 - 3*g**2 - g + 8. Let k be u(2). Is f(k) a composite number?
False
Let r(p) = -p**3 + 190*p**2 + 464*p - 1207. Is r(188) a prime number?
False
Let z(u) = -2033*u + 2. Let h be z(-1). Suppose -r + h = -2*v, 2*r - 3674 = 3*v + 399. Is r a prime number?
False
Let r(d) = 157*d**2 + 7*d + 4. Let p(t) = -t**2 + t. Let l(j) = -4*p(j) - r(j). Let c be l(-9). Is c/(-33) - (-2)/6 a prime number?
True
Let t = 339 + -333. Suppose 8*z - 10771 = -3*f + t*z, -4 = -2*z. Is f a prime number?
False
Suppose -21*p + 14 = -14*p. Suppose -p*b + 174 = -0*b + 5*s, 4*s = -b + 90. Is b prime?
False
Suppose -15*s = 43*s - 4286908 + 606054. Is s composite?
False
Let d = -22 + 65. Let m = -1404 - -1426. Let k = d + m. Is k a composite number?
True
Let s = 47641 - 7203. Is s composite?
True
Suppose 5*p - 13*p + 179832 = 16*p. Is p a prime number?
False
Suppose 17630736 = 1464*x - 1440*x. Is x a prime number?
False
Let y = 374411 + -177598. Is y a prime number?
False
Let x(y) be the second derivative of y**5/20 - 5*y**4/2 + 16*y**3/3 + 16*y**2 + y - 3. Is x(31) prime?
False
Let u be (45/30)/(417/(-140) - -3). Is 221466/u + (-4)/5 prime?
True
Suppose -7*n + 3*c = -105799 - 42990, -4*c + 106327 = 5*n. Is n composite?
True
Is 13419 - -134 - (-4 - (2 - 4)) a prime number?
False
Let n = -123 - -192. Suppose 6*x + 39 = n. Suppose -x*o + 1034 = -3*o. Is o composite?
True
Let s(m) be the first derivative of 89*m**4/2 - 2*m**3 + 3*m**2/2 - m - 151. Is s(5) composite?
True
Let l(n) = n**2 - n. Let h(y) = -y**3 + y**2 - 4*y + 4. Let b(v) = h(v) - 6*l(v). Let t be b(-5). Let a(s) = 51*s**2 + 6*s - 1. Is a(t) a prime number?
False
Let g be -3*(-2)/(-3) - -10495. Let v = g + -18091. Let s = 10761 + v. Is s a composite number?
False
Let d be (0 + -3)*(-2955)/15. Let m = 1226 - d. Is m a prime number?
False
Let x = -534 - -538. Suppose 50753 = x*v + 3*w, 4*v - 50752 = -0*w - 4*w. Is v a composite number?
False
Suppose -338 = -j - 4*a + 4045, 0 = -2*j - a + 8780. Is j composite?
False
Suppose 34*p + 14217 = 37*p. Let o = 2925 - p. Is o/(-5 - (6/2 + -6)) a prime number?
True
Let s(g) = -246*g**3 + g**2 + 8*g + 65. Let c be s(-12). Suppose c = 7*r - 563276. Is r a prime number?
False
Suppose -3*a = 5*y - 9, 10*a - 7*a = -2*y. Suppose -y*b - 530 + 2423 = 0. Is b prime?
True
Let p(z) = -z**3 + 49*z**2 + 77*z + 60. Let j be p(50). Let k = -387 + -202. Let t = k + j. Is t a composite number?
False
Let p = 233221 + -113412. Is p prime?
True
Suppose 12 = 3*v, -v + 0*v - 134 = -3*d. Suppose -5*b - d + 21 = 0. Let h(m) = 2*m**2 - 5*m - 8. Is h(b) a composite number?
False
Is 3/(-5) - 103595288/(-830) composite?
True
Suppose -z + q + 32124 + 50033 = 0, 0 = 3*z - q - 246487. Is z a prime number?
False
Suppose -67*n + 132*n = 68*n - 258207. Is n a composite number?
False
Suppose 18*s + 22102 = 20*s + 6*i, -4*s = 3*i - 44132. Is s a prime number?
True
Let g be (6020/(-258))/((-2)/(-10194)*-2). Let m = -25656 + g. Is m prime?
True
Let k(x) = 1228*x**2 - 51*x - 228. Is k(-5) a prime number?
True
Let c = 6186 + 27485. Is c a composite number?
True
Suppose 537 - 533 = 2*o. Is ((-21)/o)/(156/(-54184)) a prime number?
False
Suppose f - 8*o - 6878 = -10*o, -o = -6. Is f composite?
True
Let u(l) = -l**2 + 48*l - 522. Let p be u(17). Suppose 5*c + 11745 = 39020. Suppose -25 = -p*q, 0 = -5*z + 8*q - 12*q + c. Is z composite?
False
Suppose 15*h - 36 = 3*h. Suppose 3*c - 6 = -h*j, 2*j + 2*j - 3*c = 15. Suppose -4*w + j*b = -8*w + 3245, 0 = -w + 5*b + 794. Is w a composite number?
False
Suppose 3*t + 45 = 21. Let k = 12 + t. Suppose 4*i = k*x + 1164, i - 1471 = -4*i - 3*x. Is i a prime number?
True
Let i = -2203 + 1034. Let l = i - -3628. Is l composite?
False
Suppose -5*d + 415 = 5*i, 4*d - 21*i + 18*i = 346. Suppose 4*t - d - 6055 = 0. Is t a composite number?
True
Is (-12 + 100303/3)*(1 - 1 - -9) composite?
True
Suppose -79*x + 368802742 = 92*x + 113864143. Is x a prime number?
True
Let x(m) = -2*m**2 + 11*m - 1. Let b be x(5). Suppose -b = -5*t + 1, -3*u - 7 = -t. Is 1 + -2 - (u - 1078) prime?
False
Let s(f) = 13*f + 11. Suppose 5*n + 1 - 16 = 0. Let b be s(n). Let h = b + 357. Is h a composite number?
True
Let c(t) = 7*t**3 - 50*t**2 + 344*t - 8. Is c(37) prime?
True
Suppose 5*k + 5*p = 3083315, 26*k - 6166708 = 16*k + 3*p. Is k composite?
False
Let u(l) = -l**3 + 5*l**2 + 20*l - 1. Let x be u(-13). Is x + 4/8*-8 composite?
False
Suppose 12*o + 5*g + 161534 = 14*o, 5*g = 5*o - 403835. Is o a prime number?
False
Let z = 46269 + -27006. Is z a prime number?
False
Let k = -1538 - -2039. Suppose 4*g + 18 = -3*p - 12, -p - 5*g = 21. Is k - (2 + p)/(-1) a composite number?
True
Suppose -16*c + 137093 = -15*c - 4*i, -3*i + 6 = 0. Is c composite?
True
Let s be 